digit of 7175?
1
What is the ten thousands digit of 151191?
5
What is the tens digit of 149930?
3
What is the tens digit of 75633?
3
What is the thousands digit of 7900?
7
What is the units digit of 36934?
4
What is the tens digit of 5209?
0
What is the tens digit of 154?
5
What is the units digit of 7275?
5
What is the tens digit of 11625?
2
What is the thousands digit of 21223?
1
What is the ten thousands digit of 29981?
2
What is the ten thousands digit of 23611?
2
What is the tens digit of 1232?
3
What is the ten thousands digit of 27364?
2
What is the units digit of 2691?
1
What is the hundreds digit of 39777?
7
What is the tens digit of 2759?
5
What is the thousands digit of 1990?
1
What is the units digit of 11857?
7
What is the hundreds digit of 506?
5
What is the tens digit of 34699?
9
What is the hundreds digit of 629?
6
What is the units digit of 2669?
9
What is the hundreds digit of 629?
6
What is the units digit of 216?
6
What is the units digit of 39077?
7
What is the hundreds digit of 1343?
3
What is the thousands digit of 5716?
5
What is the units digit of 1659?
9
What is the thousands digit of 22033?
2
What is the ten thousands digit of 17156?
1
What is the thousands digit of 1046?
1
What is the ten thousands digit of 19789?
1
What is the hundreds digit of 432?
4
What is the units digit of 409?
9
What is the hundreds digit of 281?
2
What is the ten thousands digit of 76324?
7
What is the units digit of 12?
2
What is the hundreds digit of 5421?
4
What is the ten thousands digit of 22499?
2
What is the units digit of 14296?
6
What is the hundreds digit of 1873?
8
What is the thousands digit of 3881?
3
What is the units digit of 3?
3
What is the hundreds digit of 883?
8
What is the ten thousands digit of 20123?
2
What is the units digit of 16279?
9
What is the hundreds digit of 9444?
4
What is the tens digit of 20090?
9
What is the thousands digit of 37107?
7
What is the thousands digit of 9833?
9
What is the units digit of 2675?
5
What is the tens digit of 10?
1
What is the hundreds digit of 115531?
5
What is the hundreds digit of 11906?
9
What is the hundreds digit of 1348?
3
What is the thousands digit of 1478?
1
What is the tens digit of 83221?
2
What is the thousands digit of 2337?
2
What is the tens digit of 519?
1
What is the units digit of 9258?
8
What is the thousands digit of 1923?
1
What is the tens digit of 13467?
6
What is the ten thousands digit of 141820?
4
What is the hundreds digit of 50101?
1
What is the ten thousands digit of 14663?
1
What is the thousands digit of 1840?
1
What is the hundreds digit of 554?
5
What is the tens digit of 32087?
8
What is the units digit of 5454?
4
What is the units digit of 108?
8
What is the ten thousands digit of 27144?
2
What is the tens digit of 10812?
1
What is the hundreds digit of 1444?
4
What is the units digit of 2037?
7
What is the units digit of 58860?
0
What is the hundreds digit of 2245?
2
What is the hundreds digit of 351?
3
What is the units digit of 107640?
0
What is the thousands digit of 19923?
9
What is the thousands digit of 125923?
5
What is the tens digit of 637?
3
What is the units digit of 96502?
2
What is the tens digit of 68754?
5
What is the ten thousands digit of 30098?
3
What is the tens digit of 75906?
0
What is the units digit of 376?
6
What is the tens digit of 404?
0
What is the units digit of 3701?
1
What is the tens digit of 1861?
6
What is the thousands digit of 17584?
7
What is the units digit of 705?
5
What is the tens digit of 1304?
0
What is the units digit of 24403?
3
What is the ten thousands digit of 56289?
5
What is the tens digit of 45?
4
What is the tens digit of 5062?
6
What is the hundreds digit of 957?
9
What is the ten thousands digit of 37014?
3
What is the ten thousands digit of 13650?
1
What is the units digit of 9430?
0
What is the hundreds digit of 20578?
5
What is the hundreds digit of 31274?
2
What is the hundreds digit of 84522?
5
What is the thousands digit of 1838?
1
What is the tens digit of 246?
4
What is the units digit of 398?
8
What is the thousands digit of 11547?
1
What is the units digit of 21622?
2
What is the hundreds digit of 7693?
6
What is the tens digit of 43491?
9
What is the units digit of 3021?
1
What is the tens digit of 858?
5
What is the thousands digit of 1270?
1
What is the hundreds digit of 271?
2
What is the ten thousands digit of 34154?
3
What is the tens digit of 5522?
2
What is the tens digit of 755?
5
What is the tens digit of 6599?
9
What is the units digit of 2257?
7
What is the tens digit of 14581?
8
What is the thousands digit of 5924?
5
What is the hundreds digit of 12050?
0
What is the hundreds digit of 527?
5
What is the ten thousands digit of 11562?
1
What is the units digit of 10115?
5
What is the hundreds digit of 333?
3
What is the units digit of 11015?
5
What is the tens digit of 6427?
2
What is the ten thousands digit of 11690?
1
What is the units digit of 60932?
2
What is the hundreds digit of 16968?
9
What is the hundreds digit of 6914?
9
What is the ten thousands digit of 34331?
3
What is the units digit of 38752?
2
What is the units digit of 1703?
3
What is the units digit of 4781?
1
What is the hundreds digit of 12094?
0
What is the thousands digit of 10941?
0
What is the hundreds digit of 18645?
6
What is the units digit of 62?
2
What is the thousands digit of 1207?
1
What is the tens digit of 20036?
3
What is the tens digit of 97491?
9
What is the thousands digit of 7920?
7
What is the units digit of 191?
1
What is the thousands digit of 8167?
8
What is the thousands digit of 5275?
5
What is the units digit of 24015?
5
What is the ten thousands digit of 27697?
2
What is the thousands digit of 1387?
1
What is the tens digit of 50125?
2
What is the tens digit of 51525?
2
What is the hundreds digit of 15411?
4
What is the thousands digit of 5547?
5
What is the units digit of 604?
4
What is the hundreds digit of 32057?
0
What is the thousands digit of 54368?
4
What is the tens digit of 71344?
4
What is the tens digit of 9084?
8
What is the thousands digit of 6336?
6
What is the hundreds digit of 11194?
1
What is the tens digit of 6316?
1
What is the units digit of 47977?
7
What is the thousands digit of 7086?
7
What is the tens digit of 992?
9
What is the thousands digit of 4963?
4
What is the hundreds digit of 48971?
9
What is the tens digit of 3596?
9
What is the hundreds digit of 1723?
7
What is the tens digit of 57697?
9
What is the units digit of 3264?
4
What is the units digit of 7790?
0
What is the thousands digit of 9605?
9
What is the tens digit of 4338?
3
What is the tens digit of 3156?
5
What is the hundreds digit of 1616?
6
What is the tens digit of 13500?
0
What is the thousands digit of 1395?
1
What is the units digit of 713?
3
What is the units digit of 285?
5
What is the hundred thousands digit of 125504?
1
What is the units digit of 19972?
2
What is the ten thousands digit of 22041?
2
What is the tens digit of 1042?
4
What is the tens digit of 70516?
1
What is the hundreds digit of 691?
6
What is the ten thousands digit of 22490?
2
What is the tens digit of 32097?
9
What is the thousands digit of 4248?
4
What is the thousands digit of 2549?
2
What is the units digit of 5472?
2
What is the units digit of 5523?
3
What is the units digit of 47840?
0
What is the thousands digit of 94925?
4
What is the hundreds digit of 2378?
3
What is the units digit of 444?
4
What is the units digit of 1105?
5
What is the ten thousands digit of 165634?
6
What is the thousands digit of 6604?
6
What is the units digit of 7336?
6
What is the units digit of 7384?
4
What is the tens digit of 598?
9
What is the tens digit of 4039?
3
What is the hundreds digit of 236?
2
What is the ten thousands digit of 30142?
3
What is the units digit of 5349?
9
What is the thousands digit of 8603?
8
What is the tens digit of 2094?
9
What is the tens digit of 7614?
1
What is the hundreds digit of 677?
6
What is the units digit of 150?
0
What is the units digit of 23609?
9
What is the hundreds digit of 45182?
1
What is the thousands digit of 99806?
9
What is the units digit of 5402?
2
What is the hundreds digit of 118578?
5
What is the tens digit of 8443?
4
What is the hundreds digit of 1259?
2
What